site number?
True
Is 2179999 a composite number?
True
Is 42641 composite?
False
Is 9643 composite?
False
Is 396481 composite?
True
Is 18817 prime?
False
Is 3907 composite?
False
Is 503 prime?
True
Is 1950734 a prime number?
False
Is 100235 composite?
True
Is 15413 composite?
False
Is 252698 a composite number?
True
Is 11083 composite?
False
Is 118077 composite?
True
Is 18089 composite?
False
Is 428477 a prime number?
False
Is 9031 a composite number?
True
Is 3734 prime?
False
Is 5039 a prime number?
True
Is 350147 composite?
True
Is 13603 prime?
False
Is 82457 a prime number?
True
Is 36739 a prime number?
True
Is 14597 a composite number?
True
Is 42487 a prime number?
True
Is 2825741 composite?
False
Is 324739 composite?
True
Is 413 composite?
True
Is 44467 a prime number?
False
Is 122347 prime?
True
Is 30911 a prime number?
True
Is 5737 prime?
True
Is 909991 a prime number?
False
Is 2409289 a composite number?
True
Is 503911 prime?
True
Is 152981 composite?
False
Is 27631 prime?
True
Is 95701 composite?
False
Is 9259 a prime number?
False
Is 948031 prime?
False
Is 5953 composite?
False
Is 13169 prime?
False
Is 11579 a prime number?
True
Is 355577 a composite number?
True
Is 1357 prime?
False
Is 10213 prime?
False
Is 42241 prime?
False
Is 102571 composite?
True
Is 64781 prime?
True
Is 1121 composite?
True
Is 36257 a composite number?
True
Is 485237 a prime number?
False
Is 3436163 prime?
True
Is 85147 composite?
False
Is 5749 a prime number?
True
Is 221777 a composite number?
True
Is 978203 a composite number?
False
Is 5897 prime?
True
Is 4321717 a prime number?
True
Is 228809 a composite number?
True
Is 4391 prime?
True
Is 146539 composite?
False
Is 1010989 prime?
False
Is 563239 prime?
False
Is 28673 composite?
True
Is 21029 a composite number?
True
Is 269 a prime number?
True
Is 116047 composite?
False
Is 36997 a composite number?
False
Is 5227 prime?
True
Is 58913 prime?
True
Is 856078 a composite number?
True
Is 29257 a composite number?
True
Is 528091 prime?
True
Is 79481 composite?
False
Is 7737 prime?
False
Is 54037 prime?
True
Is 118529 composite?
False
Is 879941 composite?
False
Is 1471 a composite number?
False
Is 48073 a prime number?
True
Is 18329 a prime number?
True
Is 54701 a prime number?
False
Is 90971 a composite number?
False
Is 32149 a prime number?
False
Is 24509 a prime number?
True
Is 5981 a composite number?
False
Is 69283 a composite number?
True
Is 11657 a composite number?
False
Is 4327 prime?
True
Is 171499 a prime number?
False
Is 63851 a composite number?
True
Is 58039 a prime number?
False
Is 340369 composite?
False
Is 73561 a composite number?
False
Is 559133 composite?
False
Is 212387 composite?
True
Is 144203 a prime number?
True
Is 10883 prime?
True
Is 66403 composite?
False
Is 6701 composite?
False
Is 161639 a prime number?
True
Is 3991 a composite number?
True
Is 24043 composite?
False
Is 79537 composite?
False
Is 347609 a prime number?
True
Is 733741 prime?
True
Is 329651 prime?
False
Is 334091 prime?
False
Is 29807 prime?
False
Is 2657 a composite number?
False
Is 12941 a prime number?
True
Is 17021 a composite number?
False
Is 446839 a prime number?
True
Is 319427 a composite number?
False
Is 39493 composite?
True
Is 4049 a prime number?
True
Is 2419 a prime number?
False
Is 283913 prime?
False
Is 963905 composite?
True
Is 48563 composite?
False
Is 4907 a composite number?
True
Is 35193 composite?
True
Is 1439 prime?
True
Is 35879 a composite number?
False
Is 30865 a composite number?
True
Is 64393 a composite number?
True
Is 2462 a composite number?
True
Is 132413 a prime number?
False
Is 57251 prime?
True
Is 2658259 prime?
True
Is 139661 a composite number?
False
Is 4559 a composite number?
True
Is 32127 prime?
False
Is 139729 a composite number?
False
Is 71879 prime?
True
Is 433997 composite?
True
Is 66083 a composite number?
False
Is 11 prime?
True
Is 144941 a prime number?
True
Is 7045 prime?
False
Is 16411 prime?
True
Is 90931 a composite number?
False
Is 531457 composite?
False
Is 223823 a prime number?
True
Is 51853 a composite number?
False
Is 79967 a prime number?
True
Is 164729 a prime number?
True
Is 90421 prime?
False
Is 103679 composite?
True
Is 165607 prime?
False
Is 1171319 a composite number?
False
Is 2903 a composite number?
False
Is 21313 a prime number?
True
Is 1541 a prime number?
False
Is 316753 a prime number?
True
Is 947965 composite?
True
Is 157007 a composite number?
False
Is 52859 prime?
True
Is 286651 composite?
False
Is 215641 composite?
True
Is 22109 composite?
False
Is 16759 prime?
True
Is 7261 a composite number?
True
Is 243281 a composite number?
True
Is 50459 prime?
True
Is 6502 a prime number?
False
Is 117407 a prime number?
False
Is 1057526 a composite number?
True
Is 7237 a prime number?
True
Is 279997 a prime number?
False
Is 93389 a composite number?
True
Is 4297 a prime number?
True
Is 303721 a composite number?
True
Is 999131 a composite number?
True
Is 48938 composite?
True
Is 612923 a composite number?
False
Is 36997 a prime number?
True
Is 12197 a composite number?
False
Is 10559 a composite number?
False
Is 105663 a composite number?
True
Is 260963 a composite number?
True
Is 15859 a prime number?
True
Is 103749 a composite number?
True
Is 141209 composite?
False
Is 5873 a composite number?
True
Is 3024311 a composite number?
False
Is 11393 a prime number?
True
Is 747199 a prime number?
True
Is 110513 prime?
False
Is 1973 prime?
True
Is 876701 a composite number?
True
Is 2777 a composite number?
False
Is 163223 a composite number?
False
Is 70271 composite?
False
Is 36911 a composite number?
True
Is 3609057 a composite number?
True
Is 195785 prime?
False
Is 72241 a prime number?
False
Is 4314643 a prime number?
True
Is 39541 a prime number?
True
Is 13483 a prime number?
False
Is 10499 a prime number?
True
Is 2712859 prime?
True
Is 22853 a prime number?
True
Is 719 a prime number?
True
Is 186621 a composite number?
True
Is 1721 composite?
False
Is 2554 prime?
False
Is 42879 composite?
True
Is 11179 a prime number?
False
Is 1101257 a prime number?
False
Is 69371 prime?
True
Is 22433 a prime number?
True
Is 871 a prime number?
False
Is 19121 composite?
False
Is 196465 composite?
True
Is 1417 a prime number?
False
Is 82933 a prime number?
False
Is 147817 a composite number?
True
Is 55349 a composite number?
True
Is 1543 prime?
True
Is 2218 prime?
False
Is 1667401 prime?
True
Is 8537 a prime number?
True
Is 17179 a prime number?
False
Is 33199 a prime number?
True
Is 49697 a composite number?
False
Is 94321 a composite number?
False
Is 1361297 a prime number?
False
Is 15629 a composite number?
False
Is 465091 a prime number?
False
Is 15817 a composite number?
False
Is 10937 a composite number?
False
Is 335299 a composite number?
False
Is 318851 a prime number?
False
Is 533095 composite?
True
Is 2042891 prime?
True
Is 3180403 composite?
True
Is 394409 a composite number?
False
Is 2723 composite?
True
Is 9527 a composite number?
True
Is 129707 composite?
False
Is 41341 a prime number?
True
Is 3747 a prime number?
False
Is 2315 composite?
True
Is 11677 composite?
False
Is 4197277 prime?
False
Is 9745 a composite number?
True
Is 12371 prime?
False
Is 110261 composite?
False
Is 28151 prime?
True
Is 174959 prime?
True
Is 14309 a composite number?
True
Is 26327 prime?
False
Is 5519 prime?
True
Is 31669 prime?
False
Is 2027 composite?
False
Is 119653 prime?
True
Is 23857 a composite number?
False
Is 7237 prime?
True
Is 1466339 a prime number?
False
Is 97534 a prime number?
False
Is 279047 prime?
True
Is 56517 a prime number?
False
Is 268153 a composite number?
False
Is 77471 prime?
True
Is 42382 a composite number?
True
Is 32107 composite?
True
Is 69653 composite?
False
Is 412343 a prime number?
True
Is 17401 a prime number?
True
Is 2018867 prime?
False
Is 11197 a composite number?
False
Is 167683 a composite number?
False
Is 32831 a prime number?
True
Is 119083 composite?
False
Is 9667 a prime number?
False
Is 40537 prime?
False
Is 299 composite?
True
Is 31601 a prime number?
True
Is 153817 a composite number?
False
Is 1587473 prime?
True
Is 27289 a prime number?
False
Is 5669 a prime number?
True
Is 10897 a composite number?
True
Is 796889 a composite number?
False
